ulate the remainder when 166431 is divided by 8321.
11
Calculate the remainder when 3483 is divided by 723.
591
What is the remainder when 1639 is divided by 504?
127
Calculate the remainder when 147515 is divided by 291.
269
Calculate the remainder when 347876 is divided by 619.
617
What is the remainder when 528345 is divided by 58704?
9
What is the remainder when 23873 is divided by 146?
75
What is the remainder when 3260 is divided by 930?
470
Calculate the remainder when 20990 is divided by 8.
6
Calculate the remainder when 127132 is divided by 37.
0
What is the remainder when 6334 is divided by 53?
27
What is the remainder when 1036257 is divided by 121?
13
Calculate the remainder when 342350 is divided by 327.
308
What is the remainder when 16841 is divided by 20?
1
Calculate the remainder when 23563 is divided by 4677.
178
What is the remainder when 36461 is divided by 206?
205
What is the remainder when 10865142 is divided by 885?
882
What is the remainder when 5399 is divided by 145?
34
What is the remainder when 17978 is divided by 281?
275
Calculate the remainder when 1257 is divided by 601.
55
Calculate the remainder when 25537 is divided by 297.
292
Calculate the remainder when 498150 is divided by 47.
44
Calculate the remainder when 518 is divided by 497.
21
What is the remainder when 1170 is divided by 278?
58
Calculate the remainder when 11277 is divided by 136.
125
What is the remainder when 139682 is divided by 83?
76
What is the remainder when 988 is divided by 977?
11
Calculate the remainder when 2638 is divided by 192.
142
What is the remainder when 27127 is divided by 177?
46
What is the remainder when 2720 is divided by 525?
95
Calculate the remainder when 21072 is divided by 955.
62
Calculate the remainder when 9949 is divided by 1147.
773
Calculate the remainder when 4951 is divided by 225.
1
Calculate the remainder when 162788 is divided by 17.
13
What is the remainder when 24647 is divided by 24?
23
What is the remainder when 123534 is divided by 580?
574
What is the remainder when 2036 is divided by 75?
11
Calculate the remainder when 53398 is divided by 5933.
1
Calculate the remainder when 69604 is divided by 310.
164
What is the remainder when 1351293 is divided by 16?
13
Calculate the remainder when 301 is divided by 46.
25
Calculate the remainder when 5478 is divided by 63.
60
Calculate the remainder when 17826 is divided by 232.
194
Calculate the remainder when 214535 is divided by 106.
97
Calculate the remainder when 25685 is divided by 8560.
5
Calculate the remainder when 2447 is divided by 126.
53
Calculate the remainder when 47904 is divided by 42.
24
Calculate the remainder when 735964 is divided by 9.
7
Calculate the remainder when 4650 is divided by 1256.
882
Calculate the remainder when 194698 is divided by 97327.
44
What is the remainder when 7945 is divided by 352?
201
What is the remainder when 271659 is divided by 83?
0
Calculate the remainder when 215026 is divided by 54.
52
What is the remainder when 6700 is divided by 837?
4
What is the remainder when 37752 is divided by 203?
197
Calculate the remainder when 27253 is divided by 237.
235
What is the remainder when 5446 is divided by 339?
22
What is the remainder when 883378 is divided by 147228?
10
What is the remainder when 80674 is divided by 444?
310
Calculate the remainder when 9452 is divided by 4721.
10
Calculate the remainder when 232407 is divided by 428.
3
Calculate the remainder when 161 is divided by 124.
37
Calculate the remainder when 379329 is divided by 14.
13
Calculate the remainder when 7783 is divided by 596.
35
Calculate the remainder when 44097 is divided by 21.
18
What is the remainder when 19424 is divided by 19396?
28
Calculate the remainder when 52318 is divided by 80.
78
What is the remainder when 32341 is divided by 1340?
181
What is the remainder when 90482 is divided by 66?
62
What is the remainder when 57919 is divided by 67?
31
What is the remainder when 134450 is divided by 187?
184
What is the remainder when 1535 is divided by 580?
375
Calculate the remainder when 4528899 is divided by 20.
19
Calculate the remainder when 355847 is divided by 195.
167
What is the remainder when 77817 is divided by 109?
100
What is the remainder when 12874 is divided by 33?
4
What is the remainder when 45925 is divided by 43?
1
What is the remainder when 85061 is divided by 635?
606
Calculate the remainder when 8862 is divided by 579.
177
Calculate the remainder when 3036 is divided by 766.
738
Calculate the remainder when 10194 is divided by 2544.
18
What is the remainder when 19396 is divided by 2412?
100
Calculate the remainder when 1238 is divided by 1065.
173
What is the remainder when 4353 is divided by 629?
579
Calculate the remainder when 111080 is divided by 49.
46
Calculate the remainder when 1963 is divided by 164.
159
Calculate the remainder when 2895809 is divided by 30.
29
Calculate the remainder when 9634 is divided by 490.
324
What is the remainder when 5526 is divided by 1104?
6
Calculate the remainder when 641520 is divided by 12830.
20
What is the remainder when 59843 is divided by 1018?
799
What is the remainder when 42589 is divided by 176?
173
Calculate the remainder when 1263 is divided by 18.
3
Calculate the remainder when 2663 is divided by 1251.
161
Calculate the remainder when 1625 is divided by 304.
105
What is the remainder when 10134 is divided by 3360?
54
Calculate the remainder when 11359 is divided by 78.
49
Calculate the remainder when 18865 is divided by 112.
49
What is the remainder when 14102 is divided by 428?
406
What is the remainder when 748893 is divided by 74888?
13
What is the remainder when 4789 is divided by 365?
44
What is the remainder when 6320 is divided by 158?
0
Calculate the remainder when 3942 is divided by 1309.
15
Calculate the remainder when 67516 is divided by 33749.
18
Calculate the remainder when 137931 is divided by 587.
573
What is the remainder when 10395 is divided by 369?
63
Calculate the remainder when 44 is divided by 12.
8
What is the remainder when 10728 is divided by 83?
21
What is the remainder when 418197 is divided by 204?
201
What is the remainder when 1658 is divided by 701?
256
What is the remainder when 48101 is divided by 476?
25
What is the remainder when 25790 is divided by 6365?
330
What is the remainder when 54630 is divided by 396?
378
What is the remainder when 374 is divided by 42?
38
Calculate the remainder when 90285 is divided by 144.
141
What is the remainder when 73623 is divided by 125?
123
Calculate the remainder when 1661 is divided by 705.
251
What is the remainder when 12794 is divided by 4260?
14
Calculate the remainder when 38803 is divided by 3525.
28
Calculate the remainder when 1560 is divided by 130.
0
What is the remainder when 242194 is divided by 4485?
4
Calculate the remainder when 3067 is divided by 206.
183
Calculate the remainder when 3104 is divided by 496.
128
Calculate the remainder when 12606 is divided by 2293.
1141
What is the remainder when 2935 is divided by 563?
120
Calculate the remainder when 4338 is divided by 1194.
756
What is the remainder when 4428 is divided by 37?
25
Calculate the remainder when 77261 is divided by 9653.
37
Calculate the remainder when 23891 is divided by 47.
15
What is the remainder when 32556 is divided by 216?
156
Calculate the remainder when 26409 is divided by 88.
9
What is the remainder when 2209 is divided by 636?
301
What is the remainder when 270292 is divided by 390?
22
Calculate the remainder when 2561 is divided by 264.
185
Calculate the remainder when 52856 is divided by 52846.
10
Calculate the remainder when 1469 is divided by 1433.
36
Calculate the remainder when 92051 is divided by 15.
11
What is the remainder when 42299 is divided by 100?
99
Calculate the remainder when 1538991 is divided by 1274.
1273
What is the remainder when 4962 is divided by 332?
314
What is the remainder when 7782 is divided by 62?
32
What is the remainder when 1346583 is divided by 71?
68
Calculate the remainder when 9181 is divided by 1459.
427
What is the remainder when 24660 is divided by 8173?
141
What is the remainder when 1160 is divided by 494?
172
What is the remainder when 36760 is divided